n + 3 + 0 = j, 2*j = -n + l. What is the units digit of j?
3
Let x(w) = 3 + 5*w + 0 - 3*w + w**3 + 7*w**2 + 4*w. What is the units digit of x(-6)?
3
Let r = 1 + 2. Let f = r - 1. What is the units digit of f?
2
Let l = 13 - 10. Suppose -l*p - 5*n = 12, 0 = p - n - n - 7. What is the units digit of p?
1
Let u be 4/14 - 4/14. Suppose -4*n + 4 + 8 = u. Let i(g) = 2*g**2 - 4*g. What is the units digit of i(n)?
6
Let a(x) = 1. Let g(c) = 2*c - 7. Let u(k) = -6*a(k) - g(k). Suppose 3 = -5*v - 2*b, -v - v - 2*b = 0. What is the units digit of u(v)?
3
Let z(h) = 4*h + 1. Suppose 0 = -p + 5*v + 16, -3*v = -p - p + 18. What is the units digit of z(p)?
5
Let q(d) be the first derivative of d**3/3 + 7*d**2/2 + 9*d + 2. What is the units digit of q(-6)?
3
Suppose 2*r + t - 5 = r, -2*r + 5*t + 3 = 0. Let q be (2 - 3)/((-1)/2). Suppose q = -2*a + r. What is the units digit of a?
1
Let v = -40 - -58. Let d be 1/(2 + (-38)/v). What is the units digit of (-6 - -5)*d*1?
9
Let i = -46 + 85. What is the tens digit of i?
3
Suppose -2*a - 35 = -7*a. Suppose -3*r = -a*r + 44. What is the units digit of r?
1
Let a = -75 + 108. What is the units digit of a?
3
Let h = -1 - -4. Let c(t) = 3*t**3 - 5*t**2 + 3*t - 2. What is the units digit of c(h)?
3
Let b = 50 - 12. Let i = -21 + b. What is the units digit of i?
7
Let a(b) = 6*b - 10. Let u be a(4). Let x = 26 - u. What is the units digit of x?
2
Suppose -y + 2*o = -2*o - 11, y = 3*o + 9. What is the units digit of y?
3
Let h be (-1)/(3/(9/(-3))). What is the units digit of (9/3 - 0) + h?
4
Suppose -4*c - 47 = -5*f - 186, 0 = 4*c - f - 127. What is the tens digit of c?
3
Suppose -70 = -3*z + 353. What is the tens digit of z?
4
Let y = 6 + 14. Let r be (0 + -5)*(-12)/y. Suppose r*n - 40 = -2*n. What is the units digit of n?
8
Let f(n) = n + 8. Suppose -4*y + 36 = o + 3*o, -3*y - 4*o + 26 = 0. What is the units digit of f(y)?
8
Let o(i) = 15*i - 11. Let z(g) = -7*g + 5. Let m(u) = -6*o(u) - 13*z(u). Let b be 2/(4/6) + 1. What is the units digit of m(b)?
5
Suppose -k + 7 + 104 = 0. What is the hundreds digit of k?
1
Let r be -1 + 0 - 4/1. Let h(g) be the first derivative of -g**3/3 - 3*g**2 - 3*g - 1. What is the units digit of h(r)?
2
Let d(s) = -s**2 + 6*s - 4. Let w be d(4). Suppose 5*a - 93 = -j, 0 = -w*a - 3*j + 5*j + 80. What is the units digit of a?
9
Suppose 176 = b + 4*m, -4*b - 230 = m - 904. What is the units digit of b?
8
Let j(n) = n - 6. Let k be j(6). Let l(b) = b + 27. What is the tens digit of l(k)?
2
Let k = -15 + 5. What is the units digit of 44/3 - k/(-15)?
4
What is the tens digit of 2*21*(-20)/(-24)?
3
Suppose 5*s = l + 24, 2*s - 11 = l - 2. Suppose 3*m = 3*y + 2*y + 21, 0 = 4*m - s*y - 33. What is the units digit of m?
2
Let u(q) = -q**2 + 10*q - 6. Let r be u(9). Suppose -d - 3*i + 1 = 0, 0*d - 49 = -4*d + r*i. What is the units digit of d?
0
Suppose -h - 3 = 2*h. Let z = h - -4. What is the units digit of z?
3
Let u(j) = j**3 + 5*j**2 - 2*j + 7. Let s be 1/(1 - 12/10). What is the tens digit of u(s)?
1
Let x(v) = 5*v + 1. Let f be 2 - (0/(-3))/(-3). What is the units digit of x(f)?
1
Let o be -1 + 3 + (1 - 1). Suppose -4*u + 4*q = -84, -70 = -5*u + 2*q - 4*q. Suppose -u = -o*g - 2. What is the units digit of g?
7
Let p(c) = -2*c + 1. Let v be p(-1). Let r(s) = 14*s - 1. Let o be r(v). Suppose 0 = 2*k - 2*u - 26, 6*k - 5*u = 3*k + o. What is the units digit of k?
2
Let p(b) = 16*b - 5. Let l(o) = 3*o - 1. Let u(x) = 11*l(x) - 2*p(x). Let i be (-34)/(-8) - 1/4. What is the units digit of u(i)?
3
Let y(m) = 6*m**3 - 5*m**2 + 4*m - 3. Let q be y(3). Suppose 0*d + n - 83 = -2*d, q = 3*d + 2*n. Suppose 3*f = -2*f + d. What is the units digit of f?
8
Suppose 2*h + 2*h - 4*z - 44 = 0, 34 = 2*h - 5*z. Suppose -m + h = 3*o + 2, 0 = -o - 1. What is the units digit of m?
8
Let z = -44 - -56. What is the units digit of z?
2
Let u(r) = r + 8. Let n be (2/(-3))/(1/(-12)). Suppose -n = t - 1. What is the units digit of u(t)?
1
What is the units digit of 460/(-16)*-2*12/10?
9
Let p be 6*(74/6 - 0). Suppose 7*r - 2*r - p = 4*l, -r = -2*l - 16. What is the tens digit of r?
1
Let i be -1 - 3/(-3) - 0. Let w be 0 - (-3)/(3 - i). Suppose -1 - w = -2*g. What is the units digit of g?
1
Let t(g) = 3*g - 1. Let w be t(4). Let i = 6 + -3. Suppose -2*u = 4*d + 16, -w = -i*u + 2*d + 5. What is the units digit of u?
2
Let q(n) = 2*n**2 - 22*n - 2. What is the units digit of q(12)?
2
Suppose -4*d = 2*s - 170, -s - d + 37 = -52. Suppose 0 = -2*q - q + s. What is the units digit of q?
1
Suppose 0*c - 4*j = c - 3, j = 4. Let o = -6 - c. What is the units digit of o?
7
Suppose 3*f = 6 - 0. Suppose -f*a + 20 = 2*a. Suppose -18 = -a*n - 5*m + 12, 22 = 3*n + 5*m. What is the units digit of n?
4
Let d = 37 - -21. What is the units digit of d?
8
Suppose 2 = r - 10. Suppose -r = 5*c - c. What is the units digit of c/((-6)/4) + 4?
6
Let n(g) = -4*g - 1. Let p(z) = 17*z + 3. Let v(w) = -9*n(w) - 2*p(w). Let h be v(4). Let j = h - -4. What is the tens digit of j?
1
Suppose 5*b - 55 = 5*w, -22 - 15 = 2*w + b. Let c = -2 - w. What is the units digit of c?
4
Let q = 269 - 164. Suppose 2*n - 54 = 2*b, 4*n - 2*b + b = q. What is the tens digit of n?
2
Let x = 7 - 1. Let h(y) = 3*y - 4. Let a be h(x). What is the tens digit of 7*(0 + 24/a)?
1
Suppose -2*h = 3 - 5. What is the units digit of h/(3/9)*2?
6
Let f(r) = r**2 + 4*r + 3. Suppose 2*b + 7 = -5. What is the tens digit of f(b)?
1
Suppose 2*w - 34 = 3*n, -w + 7 + 16 = -3*n. What is the units digit of w?
1
Let j = 8 - -19. What is the units digit of j?
7
Suppose 3*m - 30 = -2*m. Let k(o) = -o**3 + 6*o**2 + 5*o - 9. What is the units digit of k(m)?
1
Let c = 1 - -4. Let z be (-2 - -8) + (1 - 2). Suppose 2*h - 37 = -z*a, c*h - 2*a - 72 = -23. What is the units digit of h?
1
Suppose 18*w = 5*w + 1248. What is the units digit of w?
6
Let n be ((-24)/15)/((-4)/10). Suppose -10 = 3*w - n*w. What is the units digit of w?
0
Suppose 0 = -3*w + 185 + 148. What is the hundreds digit of w?
1
Suppose 5*m - 1357 = v, -7*m + 11*m - 5*v = 1094. What is the hundreds digit of m?
2
Let w = 86 - 33. What is the tens digit of w?
5
Suppose 5*s - 120 = 70. What is the units digit of s?
8
Let y = -28 + 85. What is the units digit of y?
7
Let o(h) be the second derivative of 3/20*h**5 + 1/2*h**2 - 1/6*h**4 - 2*h + 0*h**3 + 0. What is the units digit of o(1)?
2
Suppose -g - 94 = 3*d - 270, 3*g = -2*d + 129. What is the tens digit of d?
5
Let t(a) = 4*a - a - 6 + 3*a - 3*a. What is the units digit of t(7)?
5
Suppose 0 = -2*t - 0*t. Suppose t = b + 7 - 25. What is the tens digit of b?
1
Let x(r) = r**2 + r - 1. Let k be x(-3). Suppose -4*t + 54 = k*s, 0 = s + 2*t - 0 - 6. What is the units digit of s?
4
Let p = -4 + 4. Suppose p*i + 1 = -i. What is the units digit of (1/i)/((-3)/36)?
2
What is the units digit of (-20)/35*14/(-4)?
2
Suppose 0 = -h - 1, -4*m + 2 = 4*h - 14. Suppose 0 = -4*a - 5*p + 5 - 0, 3*a - m*p = -5. Suppose -5*d + d + 8 = a. What is the units digit of d?
2
Suppose -a + y - 4*y + 124 = 0, -2*y = -2*a + 248. Suppose -4*j + 210 = 5*i, -j = 3*i + j - a. What is the units digit of i?
8
Suppose 35 = 4*p - 1. Suppose 5*t - p - 6 = 0. What is the units digit of t?
3
Suppose -9*d + 504 = -234. Let f be (22/(-5))/(1/(-5)). Suppose -d = -5*q - f. What is the tens digit of q?
1
What is the tens digit of (-6)/(-4) + (-134)/(-4)?
3
Let w = -108 + 173. What is the units digit of w?
5
Let q(y) be the third derivative of -y**6/120 - y**5/20 - y**3/2 + y**2. What is the units digit of q(-4)?
3
Let x = 3 + -1. Let s be 0/(x + -2 + 1). Suppose -c - 2*c + 27 = s. What is the units digit of c?
9
Let r(t) be the third derivative of -5*t**4/24 + t**3/3 + 3*t**2. Let p be r(-3). Suppose 0 = 2*v - 5*i + 4*i - 34, p = v + 5*i. What is the tens digit of v?
1
Suppose 3*l = -0*l + 234. What is the tens digit of l?
7
What is the units digit of (15/(-2))/(4/(-24))?
5
Let f(b) = -8*b - 1. Let k be f(-2). Suppose 0 = 2*p + p - k. What is the units digit of p?
5
Let x(g) = g**3 - g - 11*g**2 + 7*g**2 + 14 + 14*g**2. What is the tens digit of x(-10)?
2
Suppose 0 = -2*n - 5*w - 21, 11 = 5*n + 5*w + 26. What is the tens digit of (5 - -4) + n*1?
1
Suppose p - 8 = 24. Let b = p - 18. What is the units digit of b?
4
Suppose 2*x = -2*w - 5